 by 272957?
33
Calculate the remainder when 18964075 is divided by 101.
12
Calculate the remainder when 757023 is divided by 4570.
2973
Calculate the remainder when 1085158 is divided by 1323.
298
What is the remainder when 854392 is divided by 800?
792
What is the remainder when 268506 is divided by 26769?
816
What is the remainder when 5386857959 is divided by 6270?
6269
What is the remainder when 4253136 is divided by 1063006?
1112
Calculate the remainder when 1380218 is divided by 10.
8
What is the remainder when 227580 is divided by 13385?
35
Calculate the remainder when 1644339 is divided by 548097.
48
What is the remainder when 2222219 is divided by 19?
17
Calculate the remainder when 30768757 is divided by 15384320.
117
Calculate the remainder when 568220 is divided by 42.
2
What is the remainder when 271715956 is divided by 282449?
18
Calculate the remainder when 1555479 is divided by 172748.
747
What is the remainder when 714666 is divided by 119077?
204
What is the remainder when 27992776 is divided by 3022?
3012
Calculate the remainder when 649384 is divided by 790.
4
Calculate the remainder when 7239927 is divided by 823.
819
What is the remainder when 922851 is divided by 2805?
6
What is the remainder when 90789 is divided by 45378?
33
Calculate the remainder when 20770 is divided by 2652.
2206
Calculate the remainder when 85281 is divided by 5001.
264
What is the remainder when 622286 is divided by 9874?
224
Calculate the remainder when 3449673 is divided by 3449629.
44
What is the remainder when 2140828 is divided by 425?
103
Calculate the remainder when 97193302 is divided by 108.
106
Calculate the remainder when 91920 is divided by 2683.
698
Calculate the remainder when 101799 is divided by 175.
124
What is the remainder when 1762061 is divided by 58735?
11
Calculate the remainder when 1477196 is divided by 3084.
3044
What is the remainder when 7030956 is divided by 10?
6
Calculate the remainder when 40443 is divided by 19591.
1261
What is the remainder when 3573566 is divided by 3707?
18
What is the remainder when 107771 is divided by 4524?
3719
Calculate the remainder when 171295 is divided by 11405.
220
Calculate the remainder when 2367906 is divided by 5286.
5064
What is the remainder when 1506387 is divided by 87?
69
What is the remainder when 44145396 is divided by 11?
9
What is the remainder when 25341504 is divided by 18114?
18
Calculate the remainder when 5794870 is divided by 426.
418
What is the remainder when 141036529 is divided by 182?
179
What is the remainder when 35147 is divided by 221?
8
What is the remainder when 627101 is divided by 329?
27
Calculate the remainder when 1373454 is divided by 46.
32
Calculate the remainder when 729822 is divided by 885.
582
Calculate the remainder when 2154819 is divided by 16575.
69
Calculate the remainder when 4415001 is divided by 208.
201
Calculate the remainder when 19959645 is divided by 1542.
1539
Calculate the remainder when 294711 is divided by 24539.
243
Calculate the remainder when 26027 is divided by 8395.
842
Calculate the remainder when 10487565 is divided by 191.
137
Calculate the remainder when 3052000 is divided by 177.
166
Calculate the remainder when 13708977 is divided by 1779.
3
Calculate the remainder when 23898 is divided by 1689.
252
Calculate the remainder when 1541207 is divided by 409.
95
What is the remainder when 33741728 is divided by 536?
528
What is the remainder when 17495385 is divided by 1566?
33
What is the remainder when 161453 is divided by 4139?
32
Calculate the remainder when 2367587 is divided by 46423.
14
Calculate the remainder when 6518 is divided by 1140.
818
What is the remainder when 71937584 is divided by 14387516?
4
Calculate the remainder when 318269 is divided by 318242.
27
Calculate the remainder when 16982376 is divided by 3485.
3456
What is the remainder when 5912 is divided by 5630?
282
What is the remainder when 3215815 is divided by 135?
115
What is the remainder when 96387 is divided by 2834?
31
What is the remainder when 3698821 is divided by 4785?
16
Calculate the remainder when 2361538 is divided by 1720.
1698
Calculate the remainder when 370500 is divided by 73966.
670
Calculate the remainder when 175474 is divided by 174893.
581
Calculate the remainder when 3745059 is divided by 2060.
2039
What is the remainder when 290564 is divided by 189?
71
What is the remainder when 11250393 is divided by 9470?
33
Calculate the remainder when 88547 is divided by 43865.
817
What is the remainder when 240085 is divided by 34291?
48
Calculate the remainder when 400442 is divided by 33360.
122
Calculate the remainder when 19332799 is divided by 1213.
5
What is the remainder when 27914 is divided by 4763?
4099
What is the remainder when 170909 is divided by 21363?
5
Calculate the remainder when 13954273 is divided by 191.
4
What is the remainder when 1402519 is divided by 13880?
639
Calculate the remainder when 205648641 is divided by 486167.
0
What is the remainder when 3374521 is divided by 1124830?
31
Calculate the remainder when 39808943 is divided by 657.
656
What is the remainder when 738776 is divided by 3?
2
What is the remainder when 16973506 is divided by 689?
680
Calculate the remainder when 1787034 is divided by 48.
42
Calculate the remainder when 108791434 is divided by 23.
8
What is the remainder when 183592892 is divided by 11?
10
What is the remainder when 5917921 is divided by 69?
67
Calculate the remainder when 22847287 is divided by 8.
7
Calculate the remainder when 501252 is divided by 22.
4
Calculate the remainder when 2189595 is divided by 121641.
57
Calculate the remainder when 1323099 is divided by 703.
53
Calculate the remainder when 10731983 is divided by 265.
13
What is the remainder when 395441 is divided by 3888?
2753
Calculate the remainder when 499871 is divided by 12514.
11825
Calculate the remainder when 1041271 is divided by 69.
61
Calculate the remainder when 9357986 is divided by 6436.
42
Calculate the remainder when 110014 is divided by 579.
4
Calculate the remainder when 458955 is divided by 229251.
453
What is the remainder when 946419 is divided by 946214?
205
Calculate the remainder when 42327 is divided by 42198.
129
What is the remainder when 1918666 is divided by 1355?
1341
What is the remainder when 67012984 is divided by 186?
160
What is the remainder when 1252318 is divided by 1151?
30
What is the remainder when 56056586 is divided by 49?
47
Calculate the remainder when 352065 is divided by 3814.
1177
Calculate the remainder when 671434 is divided by 41953.
186
Calculate the remainder when 87578873 is divided by 155.
153
Calculate the remainder when 8635216 is divided by 78.
70
What is the remainder when 136959062 is divided by 3838?
32
What is the remainder when 783778 is divided by 55984?
2
What is the remainder when 8503132 is divided by 116481?
19
Calculate the remainder when 63241454 is divided by 21.
17
What is the remainder when 6593413 is divided by 162?
13
What is the remainder when 3338418 is divided by 49092?
162
Calculate the remainder when 5099946 is divided by 169995.
96
Calculate the remainder when 8291923 is divided by 70.
3
What is the remainder when 35992923 is divided by 536?
523
Calculate the remainder when 207019 is divided by 85.
44
Calculate the remainder when 1875901 is divided by 250.
151
What is the remainder when 18826 is divided by 9064?
698
What is the remainder when 26413958 is divided by 10?
8
What is the remainder when 97580163 is divided by 480?
3
Calculate the remainder when 5824733 is divided by 361.
359
Calculate the remainder when 1811700 is divided by 951.
45
Calculate the remainder when 6204749 is divided by 102.
89
What is the remainder when 165710 is divided by 79148?
7414
What is the remainder when 1703711 is divided by 102?
5
Calculate the remainder when 1196026 is divided by 8543.
6
What is the remainder when 24990 is divided by 7544?
2358
Calculate the remainder when 464193 is divided by 33150.
93
Calculate the remainder when 1320454 is divided by 6601.
254
What is the remainder when 3841030 is divided by 53?
14
Calculate the remainder when 1287457 is divided by 35.
17
What is the remainder when 1861023 is divided by 89?
33
Calculate